-w**2 - w - 1. Let t = -447 + 469. Suppose -76 + t = 27*i. Calculate x(i).
-3
Let x(a) = 19*a - 11. Let t(n) = 9*n - 5. Let p(b) = -13*t(b) + 6*x(b). Let d be (-2)/(-3) + (4 - 4528/24). Let c = d + 181. What is p(c)?
8
Let k(j) = 6*j + 10. Let b(a) = -13*a - 19. Let u(l) = 2*b(l) + 5*k(l). Let p = -247 + 223. Let g be 4/(3*(44/p)/11). Calculate u(g).
-20
Let c be 38/(-5) - 33/(-55). Let m(w) = 7*w**2 + w**3 - 144 + 291 - 146 + 5*w - 4*w + w. Determine m(c).
-13
Let z(a) = -a**3 - 3*a**2 + 25*a + 13. Let q be z(-7). Let v(w) = -16*w - 19*w + 3 - 2 + q*w. Determine v(1).
0
Suppose 8 = -d + 5*f - 11, -6 = -2*d - f. Let j(h) = 23 - d - 23 - h**2 - 3*h. Determine j(-3).
-1
Let c(s) be the second derivative of -s**5/20 + 7*s**4/4 - 27*s**3/2 - 3*s**2 + 3313*s. Determine c(5).
-11
Let q(v) = -v**2 + 2*v - 1. Let c be q(3). Let x(s) be the second derivative of s**4/12 + s**3/3 + 5*s**2/2 + 28441*s. Give x(c).
13
Let z(g) = g**2 - 9*g + 15. Let c(v) = 1. Let p(k) = -4*c(k) + z(k). Let x = -46 + 44. Let r be 4 + (-6)/(-1) + x. Determine p(r).
3
Let p = 187 + -190. Let j(d) = d**3 - d**2 + d + 1. Let k(n) = -2*n**3 + 3*n**2 - 6*n. Let h(y) = p*j(y) - k(y). Calculate h(2).
-5
Suppose 3*l - 9 = -a, 4*a - 4*l = -l + 6. Suppose k - a = 3. Let x(u) = -1 - 15*u**2 + 19*u**2 + k*u**2 - 2*u. What is x(-1)?
11
Let y = 66 + -63. Let q(k) be the second derivative of -k**5/10 + k**4/12 + k**3/2 + 2*k**2 + 226*k. What is q(y)?
-32
Let h(x) be the third derivative of -17*x**4/24 - 67*x**3/3 - 146*x**2. Calculate h(-8).
2
Let p(l) = -2*l + 36. Suppose 109*w = 123*w - 546. Suppose 8*s - 6*s = 3*y + w, -y - 48 = -3*s. Give p(s).
6
Let s(j) = j + 13. Let v(p) = -2*p**2 - 24*p - 67. Let m be v(-6). Determine s(m).
18
Let s(w) = w**3 - 635*w**2 + 311*w**2 + 11 + 331*w**2 + 3*w. Calculate s(-6).
29
Let b(y) = -31*y - 12. Let o be b(-8). Let p(n) = 0*n**2 + 1 + 2*n**2 + 2*n + 233*n**3 - o*n**3. Suppose -2*x = j + 3, -3*j - x = -0*x + 4. Calculate p(j).
4
Suppose -1084 = -88*l + 148. Let f(p) = -p**3 + 16*p**2 - 28*p - 12. Calculate f(l).
-12
Let f(y) = -16*y + 55. Let c(l) = -829*l - 12427. Let v be c(-15). Calculate f(v).
-73
Let v = 7 - 4. Let l(q) = -2 - 1 + v*q + 6. Let g = 396 - 401. Determine l(g).
-12
Let s be (-8)/7*2436/(-696). Let x(m) = m**2 + 5*m - 16. Give x(s).
20
Let y(t) = -84*t**2 - 48 + 49 + 19*t + 80 + 85*t**2. What is y(-7)?
-3
Let s(c) = c**3 - 4*c**2 - 18*c + 7. Suppose -l + 23 = -4*v, -5*l + 579*v = 581*v - 27. Give s(l).
28
Let y(t) = 69*t**2 - 10*t. Let m(u) = -129*u**2 + 19*u. Let x(f) = 9*m(f) + 17*y(f). Let d(r) = r**3 - 2*r**2 - r + 1. Let o be d(2). What is x(o)?
11
Let n be 96/7 - (-2)/7. Let d(o) = 17*o - 78. Let r(t) = 25*t - 109. Let l(a) = -3*d(a) + 2*r(a). What is l(n)?
2
Let r(w) = -w**2 - 5*w. Let j be r(-3). Suppose 0 = -j*s - 3*s. Let u(z) = s + 8*z**2 + 6 + 0*z**2 - 7*z**2 - 4*z. Determine u(5).
11
Let f(a) = -a + 6. Suppose 8*g = 5*g + 390. Suppose g*z = 135*z. Determine f(z).
6
Let k(d) = 5*d**3 - 2*d**2 - 2*d - 1. Let f = -173 + 176. Suppose -c - 2*g = f, -g - 9 = 5*c + 3*g. What is k(c)?
-6
Let j(c) = -c + 153. Let l(a) = 16*a + 1133. Let d(x) = 5*j(x) - l(x). What is d(-17)?
-11
Let h(w) = 8*w**2 - 9*w**2 + 9*w + 4*w - 5*w. Calculate h(0).
0
Suppose 6 = 5*v - 4. Let x be (3/(-5))/((-2)/(v + 8)). Suppose -x*r - 8 = -2. Let b(w) = 4*w + 2. Calculate b(r).
-6
Let g(j) = -j**3 - 6*j**2 - 5*j - 4. Let t(w) = 35*w - 1333. Let c be t(38). Give g(c).
-16
Let d(p) = 4*p**3 - 6*p**2 - 3*p - 3. Let z(j) = -3*j**3 + 5*j**2 + j + 3. Let b(v) = 7*v - 74. Let g be b(11). Let n(t) = g*z(t) + 2*d(t). Determine n(3).
-6
Let s(k) = -136*k - 20. Let t(m) = -20*m - 3. Let p(q) = -3*s(q) + 20*t(q). Calculate p(1).
8
Suppose -21 = 7*o, 3*o = -51*m + 48*m + 3. Let y(n) = 2*n**3 - 6*n**2 - 2*n + 15. Give y(m).
39
Let d(x) = 7*x**3 + 24*x**2 + 18*x + 29. Let b(m) = 5*m**3 + 24*m**2 + 20*m + 28. Let z(q) = -3*b(q) + 2*d(q). Determine z(-23).
-3
Let t = -2 + -2. Let u(y) = -y**2 - y - 4. Let a(k) = -k**2 - 3. Suppose -2*h = 3*w, 2*h - w - 16 = -0*h. Let i(m) = h*a(m) + t*u(m). Determine i(2).
-2
Let j(i) = 3*i**2 + 3. Let w(o) = o. Let k(a) = -j(a) - 5*w(a). Let p = 446 + -88. Let r = p - 361. Give k(r).
-15
Let h(k) = k + 26. Let v be (-5)/(-1) - 30*6/36. What is h(v)?
26
Let a(f) be the second derivative of 5*f**4/6 + 3*f**3 - 2*f**2 - 13*f. Let d(t) = -43 - 44 - 43 + 3*t**2 + 6*t + 129. Let k(x) = -2*a(x) + 7*d(x). Give k(-4).
-7
Let w(z) = 3*z**2 - 22*z - 3. Let a(d) = 5*d**2 - 39*d - 6. Let j(p) = 4*a(p) - 7*w(p). Let g be (6 + 0)*2/(-3). Determine j(g).
-11
Let w be 26 - (-12)/(-10)*(-150)/(-45). Let i = -17 + w. Let z(v) = -v**2 + v + 7. Give z(i).
-13
Let s(m) = 11*m + 6. Let l be ((-96)/112)/((-12)/42). Give s(l).
39
Let l = 2281 + -2280. Let d(a) = 34*a - 1. Give d(l).
33
Suppose 0 = -g + 12 - 2. Suppose -9*b = 44 + g. Let d(c) = -c**2 - 3*c - 3. Let j(w) = w**2 + 2*w + 2. Let a(k) = -4*d(k) - 3*j(k). Give a(b).
6
Suppose 5*d + 20 = 0, -5*h - d - 328 = -4*h. Let c = -325 - h. Let i(x) = -2*x**3 - x**2 + 1. What is i(c)?
2
Let q(d) = 3*d**3 + 2*d**2 + d - 1. Let u be ((-5)/(-15))/(3/9). Let s be q(u). Let x(a) = -a - 3. What is x(s)?
-8
Suppose 11*b = 6*b + 90. Suppose 3*o = a + 120, -2*a - 58 = -o - b. Let f(t) = -2 - o*t + 21*t + 21*t. Determine f(-2).
-6
Suppose -4*l + 2*t - 2 = -0, -3*t = -3*l. Let s(d) be the first derivative of -5/2*d**4 + 0*d - 107 + 1/2*d**2 + 1/3*d**3. Calculate s(l).
10
Let m = 11 - 6. Suppose 4*f + 17 = 3*r + 4, m = f. Let y(t) = -t**3 + 12*t**2 - 11*t + 7. Calculate y(r).
7
Let t(c) = -60 - 2*c + 12 + 21 + 16 + c. Calculate t(17).
-28
Let a(c) = -c**2 + 15*c - 14. Let z(d) = 5*d - 5. Let n(f) = 2*a(f) - 7*z(f). Let b be n(-3). Suppose b*v - 10 = -6. Let i(o) = 4*o**3 + o - 1. What is i(v)?
4
Let r(d) = -6*d**2 - 28*d + 9. Suppose -29*l + 25*l = 20. Give r(l).
-1
Let t(y) = -2*y + 4*y**3 - 7*y**3 + 2 + 4*y**3 + 0*y + 4*y**2. Let k(r) = r**2 + r + 4. Let c be k(3). Suppose c - 4 = -3*f. Calculate t(f).
10
Let a = -364 - -420. Let i(r) = -58 - 14*r + 151 - r**2 - a. Calculate i(-16).
5
Suppose 8 = 3*i - 70. Let q = i + -36. Let w(j) = j**2 + 9*j - 12. What is w(q)?
-2
Let n(q) = 3*q - 3. Let d(p) = -p**3 + 31*p - 59. Let r be d(4). What is n(r)?
0
Suppose -110 = 15*g + 40. Let o(x) = 6*x + 4. What is o(g)?
-56
Let h(b) = 7*b**3 - 7*b**2 + 10*b - 7. Let n(x) = -10*x**3 + 11*x**2 - 14*x + 11. Let u be 148/112*-4 - 4/(-14). Let a(v) = u*n(v) - 7*h(v). What is a(6)?
-6
Let y(r) = -10*r + 4. Suppose -k - 4*z = 0, -4*z - 25 = -5*k + z. Let j be 65/15 - k/3. What is y(j)?
-26
Let j = 11014 + 47150. Let i(z) = -5*z + j - 58164. What is i(1)?
-5
Let s(x) be the second derivative of 7*x**3/6 + 9*x**2 + 2030*x - 3. What is s(-8)?
-38
Suppose -12*k = -6*k - 282. Suppose -k*u + 12 = -43*u. Suppose 3*n + 9 = -u*c - 0, 2*n = 4*c. Let b(r) = -r**3 + 2*r + 1. Give b(c).
0
Let w = -13363 - -13385. Let y(j) = -j + 58. Give y(w).
36
Let w(y) = y**3 - 12*y**2 + 12. Let f be w(12). Suppose 3 = b + 5*p, 3*b - f = -b - 4*p. Suppose 0 = 9*d - b + 3. Let r(v) = -v - 1. What is r(d)?
-1
Suppose -5*a = -4*d + 10, 4*d = -0*a - 3*a + 26. Let k(t) be the second derivative of t**5/20 - 5*t**4/12 + 2*t**3/3 - t**2 + 480*t - 7. Determine k(d).
18
Let g(q) = q**3 - 9*q**2 + 9*q + 18. Let u be g(10). Let v be 2 + -5 - u/(-13). Let d(i) = 18*i**2 - 4*i - v*i**2 - 3*i + 8*i. What is d(1)?
6
Let x(q) be the second derivative of 1/12*q**4 + 8*q + 0 + 2*q**2 - 3/2*q**3. Let u(z) = 55*z - 432. Let l be u(8). Give x(l).
-4
Let o(h) = h**3 + 26*h**2 - 29*h - 56. Let m be o(-27). Let f(s) be the first derivative of 5*s**2 - 6*s**2 - 3 + 6 + s. Give f(m).
5
Let v(p) = -p**2 - 35*p - 13*p + 81*p - 27*p. Suppose 18 = 3*y - 3*s, -6 = -y + 3*s + 4. Calculate v(y).
8
Let i(t) = -t**2 - 37*t + 36. Let b(k) = 2*k**2 + 111*k - 101. Let z(d) = -4*b(d) - 11*i(d). Give z(12).
-4
Let l(b) = -b. Let u(c) = 3*c - 10. Let j(x) = -8*l(x) - 2*u(x). Determine j(-15).
-10
Let s(p) = -2*p + 10. Let m be (-5)/(3 + -2 + -1*(-4)/(-8)). Determine s(m).
30
Let w(r) = -r**2 + r - 1. Let x = 41 + -34. Let a = 28 - x. Suppose 0 = -3*o + 5*q + 29, -3*o + 6*q + a = 3*q. What is w(o)?
-7
Let v(n) = 3*n + 4 - n**3 - 4*n + 0 + 2*n**2. Suppose -3*m - 107 = -158. Suppose 0 = t - 5*q - 3, -2*t + m*q